{"version":"1.0","provider_name":"","provider_url":"https:\/\/pupaksutodeje.cafeblog.hu","author_name":"Krisztina","author_url":"https:\/\/pupaksutodeje.cafeblog.hu\/author\/kokeny-krisztagmail-com\/","title":"\u00c9vfordul\u00f3s torta","html":"<p>Tegnap este ism\u00e9t s\u00fctk\u00e9reztem, b\u00e1r el\u00e9g meleg volt a konyh\u00e1ban \u00edgy ny\u00e1ron. :) De sebaj, egy kedves ismer\u0151s\u00f6m \u00f6t\u00f6dik h\u00e1zass\u00e1gi \u00e9vfordul\u00f3j\u00e1ra k\u00e9sz\u00edtettem egy sz\u00edv alak\u00fa tort\u00e1t. Nem bonyol\u00edtottam ezt sem t\u00fal, az egyszer\u0171s\u00e9g h\u00edve vagyok, mint tudj\u00e1tok. Nem kell ahhoz csillivilli, hogy finom legyen. :)<\/p>\r\n<p>Ez egy csokis-t\u00far\u00f3s-barackos torta volt. Az alap egy kaka\u00f3s pisk\u00f3ta. Nem r\u00e9szletezem, kor\u00e1bban m\u00e1r le\u00edrtam, hogy \u00e9n hogyan k\u00e9sz\u00edtem a pisk\u00f3t\u00e1t.<\/p>\r\n<p>A kr\u00e9m:<\/p>\r\n<ul>\r\n<li>50 dkg t\u00far\u00f3<\/li>\r\n<li>15 dkg porcukor<\/li>\r\n<li>6db nagyobb \u0151szibarack<\/li>\r\n<li>2 cs csokis pudingpor<\/li>\r\n<li>1 l tej + 15 dkg porcukor<\/li>\r\n<\/ul>\r\n<p>A csokis pudingot a le\u00edr\u00e1s alapj\u00e1n elk\u00e9sz\u00edtettem, s megv\u00e1rtam, m\u00edg kih\u0171lt. Nem szabad melegen semmihez sem hozz\u00e1kavarni, mert akkor nem lesz j\u00f3 a kr\u00e9m \u00e1llaga (foly\u00f3s lesz).<\/p>\r\n<p>A barackokat apr\u00f3ra \u00f6sszedaraboltam, s hozz\u00e1adtam a cukorral kikevert t\u00far\u00f3hoz.<\/p>\r\n<p>A m\u00e1r kih\u0171lt csokis kr\u00e9mb\u0151l egy keveset f\u00e9lre tettem, mert azzal vontam be a torta tetej\u00e9t \u00e9s oldal\u00e1t. A marad\u00e9kot hozz\u00e1kevertem a t\u00far\u00f3s kr\u00e9mhez.<\/p>\r\n<p>A m\u00e1r kih\u0171lt tort\u00e1t h\u00e1rom r\u00e9szbe v\u00e1gtam, s megt\u00f6lt\u00f6ttem a t\u00far\u00f3s-csokis kr\u00e9mmel. Az eg\u00e9szet bevontam a marad\u00e9k csokikr\u00e9mmel (azzal, amit kor\u00e1bban f\u00e9lre tettem), v\u00e9g\u00fcl az eg\u00e9sz tort\u00e1t kid\u00edsz\u00edtettem. \u00cdgy:<\/p>\r\n<p><a href=\"https:\/\/pupaksutodeje.cafeblog.hu\/files\/2016\/07\/torta-Editnek.jpg\"><img class=\"alignnone size-medium wp-image-348\" src=\"https:\/\/pupaksutodeje.cafeblog.hu\/files\/2016\/07\/torta-Editnek-300x290.jpg\" alt=\"torta Editnek\" width=\"300\" height=\"290\" \/><\/a><\/p>\r\n<p>Azt mondta a \"tulajdonos\", hogy nagyon finomra sikeredett. :) Sz\u00e1momra mindig boldogs\u00e1g, mikor \u00f6r\u00f6met szerezhetek a m\u00e1siknak. :)<\/p>\r\n<p>Legyetek j\u00f3k: Kriszti<\/p>\r\n<p>UI: \u00e9s a torta az \u00fcnnepi asztalon.<\/p>\r\n<p><a href=\"https:\/\/pupaksutodeje.cafeblog.hu\/files\/2016\/07\/Edit-k\u00e9pe..jpg\"><img class=\"alignnone size-medium wp-image-349\" src=\"https:\/\/pupaksutodeje.cafeblog.hu\/files\/2016\/07\/Edit-k\u00e9pe.-169x300.jpg\" alt=\"Edit k\u00e9pe.\" width=\"169\" height=\"300\" \/><\/a><\/p>","type":"rich"}

Évfordulós torta

<p>Tegnap este ismét sütkéreztem, bár elég meleg volt a konyhában így nyáron. :) De sebaj, egy kedves ismerősöm ötödik házassági évfordulójára készítettem egy szív alakú tortát. Nem bonyolítottam ezt sem túl, az egyszerűség híve vagyok, mint tudjátok. Nem kell ahhoz csillivilli, hogy finom legyen. :)</p>
<p>Ez egy csokis-túrós-barackos torta volt. Az alap egy kakaós piskóta. Nem részletezem, korábban már leírtam, hogy én hogyan készítem a piskótát.</p>
<p>A krém:</p>
<ul>
<li>50 dkg túró</li>
<li>15 dkg porcukor</li>
<li>6db nagyobb őszibarack</li>
<li>2 cs csokis pudingpor</li>
<li>1 l tej + 15 dkg porcukor</li>
</ul>
<p>A csokis pudingot a leírás alapján elkészítettem, s megvártam, míg kihűlt. Nem szabad melegen semmihez sem hozzákavarni, mert akkor nem lesz jó a krém állaga (folyós lesz).</p>
<p>A barackokat apróra összedaraboltam, s hozzáadtam a cukorral kikevert túróhoz.</p>
<p>A már kihűlt csokis krémből egy keveset félre tettem, mert azzal vontam be a torta tetejét és oldalát. A maradékot hozzákevertem a túrós krémhez.</p>
<p>A már kihűlt tortát három részbe vágtam, s megtöltöttem a túrós-csokis krémmel. Az egészet bevontam a maradék csokikrémmel (azzal, amit korábban félre tettem), végül az egész tortát kidíszítettem. Így:</p>
<p><a href="https://pupaksutodeje.cafeblog.hu/files/2016/07/torta-Editnek.jpg"><img class="alignnone size-medium wp-image-348" src="https://pupaksutodeje.cafeblog.hu/files/2016/07/torta-Editnek-300x290.jpg" alt="torta Editnek" width="300" height="290" /></a></p>
<p>Azt mondta a "tulajdonos", hogy nagyon finomra sikeredett. :) Számomra mindig boldogság, mikor örömet szerezhetek a másiknak. :)</p>
<p>Legyetek jók: Kriszti</p>
<p>UI: és a torta az ünnepi asztalon.</p>
<p><a href="https://pupaksutodeje.cafeblog.hu/files/2016/07/Edit-képe..jpg"><img class="alignnone size-medium wp-image-349" src="https://pupaksutodeje.cafeblog.hu/files/2016/07/Edit-képe.-169x300.jpg" alt="Edit képe." width="169" height="300" /></a></p>
